3*(-9 + 16/2) a prime number?
False
Let x(q) = -2*q + 60. Let y be x(28). Suppose -y*l = -4*o + 19932, -2879 - 2098 = -o - 2*l. Is o a composite number?
True
Let l(i) = 13*i**2 - 40*i - 20. Let k(m) = -4*m**2 + 14*m + 7. Let x(f) = 17*k(f) + 6*l(f). Is x(2) composite?
True
Let u = 448746 - 275899. Is u a composite number?
True
Suppose -5*a + 6138173 = 3*i, -2926*a = -2921*a + 4*i - 6138169. Is a a prime number?
True
Let x(w) = 2*w + 19. Let g be x(-7). Suppose 0 = -3*z + 13 + 2. Suppose -3*c = z*y - 951, -g*c + 3*y + 1585 = -0*y. Is c a composite number?
False
Let w be (-1 - (-4 + 2) - 1)/1. Let s be (w + 433/(-3))*(-2 - 1). Suppose v - 196 = s. Is v a prime number?
False
Let i be (-52 - -44) + 22/2. Let r(u) = 155*u + 6. Is r(i) prime?
False
Let w = -14504 + 64611. Is w a prime number?
False
Suppose -4*h + z = -3*h + 12220, 0 = -4*h + 5*z - 48876. Let k = 18205 + h. Is k composite?
False
Let q = 1648 + -965. Suppose -q + 4016 = 3*l. Suppose -t + l = -1324. Is t composite?
True
Let d = -16929 + 28871. Suppose 0 = 2*h - 4*t - d, -h = h + t - 11967. Is h composite?
False
Let x(c) = 2*c**3 + 9*c + 7. Suppose 3 = 4*a + 27. Let h be x(a). Is h/1*(-2 - -1) composite?
False
Let j(y) = -139*y + 78. Let x be j(-5). Suppose -5*f + 266 = -4*f + 3*g, 4*g = -3*f + x. Is f a composite number?
False
Let v(c) = 6323*c - 196. Suppose 2*r - 223 + 217 = 0. Is v(r) composite?
False
Let r be (8/12)/(2/(-6)). Let i = 6 - r. Suppose 0 = -i*c + 4*c + 1324. Is c composite?
False
Let p(x) = -x**3 + 18*x**2 + 6*x - 23. Let q be (-6)/15 - (-184)/10. Is p(q) composite?
True
Suppose -5*b - 113 - 117 = 0. Let m(d) = 81*d**2 + 25*d - 35. Let r be m(2). Let l = b + r. Is l a composite number?
False
Let h = -114505 + 331394. Is h a composite number?
True
Suppose 0 = 16*c - 1272756 - 4146908. Is c prime?
False
Suppose -4*m = -2*p - 0*m + 879986, 0 = 4*p - m - 1760028. Is p prime?
True
Let t = 480 + -488. Is (79453/(-22))/(-3 + (-20)/t) composite?
True
Suppose 2*l + 10098 - 53403 = -5*a, -a + 8643 = 4*l. Is a prime?
True
Let r(a) = 8*a**3 - 14*a**2 + 10*a - 41. Is r(13) composite?
False
Let r be (-9424)/18 + 588/(-1323). Suppose 647 = 3*d + 1685. Let x = d - r. Is x composite?
True
Suppose 0 = -5*f + 2*y - 3639, f - 5*y + 731 = -3*y. Let z = -318 - f. Is z composite?
False
Suppose -26 = 11*y - 26. Suppose y = -5*l - 4*x + 24363, l - 19482 = -3*l + x. Is l composite?
False
Suppose 4*d - 437 = w, -14*w + 9*w - 25 = 0. Suppose 0*o + o - 211 = 0. Let l = o - d. Is l prime?
True
Let w(p) = -11*p + 2*p**3 - 177*p**2 - 11 + 71*p**2 + 93*p**2. Is w(12) prime?
False
Is 10/4 - 203917896/(-208) a prime number?
True
Suppose -10236396 = -93*z + 9726283 - 4259536. Is z a composite number?
False
Let t = 45 - -84. Suppose 73*q + 3120 = 13*q. Let i = q + t. Is i a composite number?
True
Suppose 3378962 - 2916674 = 82*x - 7964114. Is x a composite number?
False
Let c(p) = -25890*p - 13. Is c(-3) a prime number?
False
Suppose -106*x = -112*x + 32754. Suppose -5*k = -4*h + x, -7*h + 5509 = -3*h + 5*k. Is h composite?
True
Suppose -38 = a - l, 3*l = -3*a - 30 - 54. Let j be 3/a*24 - (-18)/99. Is j*2*(-8716)/16 a composite number?
False
Suppose 83*f = -31*f - 6*f + 43055880. Is f a composite number?
True
Let x = -216620 + 410299. Is x a composite number?
False
Is 4790233/49 + (138/(-14) - -9) composite?
True
Suppose -13*j + 18 = -4*j. Suppose -5*p + 16 = -2*d, 0 = -j*p + 4*p + 5*d - 18. Is 4 + -1 + (1900 + p)/2 a composite number?
True
Is (827608/20)/(20 - 3984/200) a composite number?
True
Suppose -6*v + 4*s = -v - 248, 3*s = v - 54. Suppose 3*n = 11*n - v. Is ((-62)/n - 1)/((-6)/99) a composite number?
True
Let p be 2/2*-142*38/4. Is 5 - (0 + p + -7) a composite number?
False
Suppose -15*l + 705959 = 24*l - 22*l. Is l prime?
False
Suppose 0 = -30*u + 455735 + 3736135. Is u a composite number?
False
Let s(a) be the third derivative of 0 + 0*a + 11/6*a**3 - 19/12*a**4 + 33*a**2 + 7/30*a**5. Is s(-17) a composite number?
False
Is 3132032/40 + 2/10 prime?
True
Is (890144/(-80))/(14/(-35)) composite?
False
Let i = -441 - -444. Suppose -41550 = -i*q + 18909. Is q composite?
True
Let x be 46/(-1)*((-85)/2 + -1). Let d = x - 864. Suppose 3*f + d = 5*k - 1083, -5*k = 3*f - 2250. Is k a prime number?
False
Suppose -2*u - u + 8 = -2*q, -2*u - 1 = 5*q. Let l be (-1)/1*-5*(u - 1). Is 211*(l + -6)*(-2 + 1) a composite number?
False
Is (-31)/(93/(-146835)) + (2/1)/(-1) prime?
False
Suppose 5*m - 12 = -m. Suppose -5*l = 4*v + 150106, -3*l - 150102 = m*v + 2*v. Is 1/8 - v/96 composite?
True
Let j(v) = 3095*v**2 + 398*v - 3. Is j(4) prime?
True
Let p be (-2)/(-30)*-2 + (-99782)/(-15). Let v(u) = u**3 - 8*u**2 - 10*u + 9. Let c be v(9). Suppose -3*x + 353 + p = c. Is x composite?
True
Let y(r) = 78*r - 19. Let f = 180 - 69. Suppose f = 7*z + 13. Is y(z) a prime number?
False
Suppose -20*y + 6 = -17*y. Suppose -y*m - 1492 = -i + 2*m, -2*i + m = -2984. Let n = i - 449. Is n a prime number?
False
Suppose 0 = 5*i - 3*c - 51647, 0 = -155*i + 152*i + 5*c + 31001. Is i prime?
False
Let a = -112 + 114. Suppose -2*b = a*g - b - 2197, 4*b + 3279 = 3*g. Is g prime?
True
Suppose 5*z = -6*z + 560578 + 111643. Is z a composite number?
True
Let r = 58 - 57. Is (r - 12)*(-11)/(-22)*-974 composite?
True
Let t(p) = -p - 7. Let x be t(-8). Let w(i) = -2237*i**2 + i - 8. Let y(o) = -3356*o**2 + 2*o - 13. Let d(c) = -8*w(c) + 5*y(c). Is d(x) a composite number?
False
Let m(y) = 1438*y**2 + 193*y - 103. Is m(-16) prime?
True
Let o = 129761 - -463268. Is o composite?
False
Let b = 188610 - -151417. Is b a composite number?
False
Suppose -6885 = -n + f, 2*n - 4*f + 27508 = 6*n. Is (-16 + 15)/((-1)/n) a prime number?
False
Let r = -2950 - -12336. Suppose -11*t + 43673 = r. Is t prime?
False
Let k(r) = -3 - 6*r - 2*r**2 + 6*r**2 + 4*r**2. Suppose -5*a - 2*y = -27, -y - 18 = -2*a - 0*y. Is k(a) prime?
True
Suppose 0 = 247*s - 20524701 - 1272647 - 24838475. Is s composite?
True
Let b(f) = -5*f - 43. Let u be b(-9). Is 8033 + (0/6 - u) composite?
True
Let f be 0 + 9 + -5 + (3 - 2). Suppose 4*i + 11483 - 722 = 5*x, -10763 = -f*x + 2*i. Is x a prime number?
True
Let h(z) = 3*z**3 + z**2 - 3*z - 4. Let u be 2/(-7) - 72/42 - 80. Let a = 85 + u. Is h(a) a composite number?
True
Let f(u) = u**3 + 31*u**2 + 88*u + 214. Is f(-26) prime?
False
Suppose 15*k - 143760 = -65*k. Is k composite?
True
Suppose 32*v + 351715 = 5*k + 31*v, 140699 = 2*k - 3*v. Is k composite?
True
Suppose 0 = 5*i - 2*m - 10, 2*i + 3*m + 2*m = 33. Suppose -i*j - 9421 = -57369. Is j prime?
True
Let o(u) = 3251*u**2 + 2*u - 4. Let b be o(1). Let s = -695 + b. Is s composite?
True
Suppose 15 = 2*u + 3. Suppose -2*n = u*n. Suppose n = 3*j - 5*j + 586. Is j composite?
False
Suppose 2*q - 7186 = 4*b, -147*q + 151*q + b - 14354 = 0. Is q composite?
True
Let p(r) be the second derivative of r**5/20 - 7*r**4/4 + 2*r**3/3 + 7*r**2/2 + r. Let h(n) = n**3 + n**2 + n. Let j(s) = 4*h(s) + p(s). Is j(8) prime?
True
Let k(t) = -34936*t - 3667. Is k(-5) a prime number?
False
Suppose 0 = -3*d - 5*k - 516, -5*d - 3*k = 94 + 782. Let m = d - -444. Is m a prime number?
False
Let f(j) = 1291*j**2 + 9*j + 215. Is f(12) a prime number?
True
Let k(s) = s**3 + 2*s + 1. Let o(u) = u**3 - 49*u**2 - 43*u - 78. Let y(l) = -3*k(l) + o(l). Is y(-34) composite?
False
Let a = 168554 - 112791. Is a prime?
True
Let u be (3 + -12)/(-54) + 141/18. Suppose 0 = g - 4*t - 3617, -3*t = -u*t + 15. Is g prime?
False
Let t(o) = o**3 - 3*o**2 + 26*o + 7. Let b be t(8). Let p = -1002 + 2006. Let s = p - b. Is s a prime number?
False
Let i be (9/(-4))/(3/(-16)). Let t be (-2)/(-8 + 0) + 78246/72. Suppose -i*c - t = -13*c. Is c prime?
True
Let v(t) = -5*t + 65. Let s be v(12). Suppose -3*h + 4481 = 4*n, h - 4*n - 1495 = -s*n. Is h composite?
False
Let s(a) = -2*a - 3. Let z be s(-9). Suppose -z = 5*i, -4*i = -2*d + i - 7. Is ((-2)/6*79)/(d/33) a prime number?
True
Is (-87135025)/(-790)*4/10 a prime number?
True
Let w be 0 - 0 - (0 + -33504). Suppose -60 = -4*k + 8*v - 4*v, 2*k + 2*v + 6 = 0. Is (-1)/2*(6 - w/k) prime?
True
Let a = -818 + 529. Let l = 442 - a. Is l a composite number?
True
Suppose 2*j - 30 = -0*j + 4*f, -j - 2*f = -35. Let v = j - 29. Is (2/v)/((-18)/2844) prime?
True
Let q = 169 - 164. Suppose q*u + 4*v + v -